s divided by g.
37
Let n(k) be the third derivative of k**4/24 + 4*k**3 - 14*k**2. Suppose -3*h + 88 = -53. What is the remainder when h is divided by n(-8)?
15
Let c(j) = -2*j + 13. Let s be c(8). What is the remainder when 2*-1 - (s + -56 + 4) is divided by 11?
9
Suppose 3*k - 2 - 210 = -a, 0 = 4*k - 5*a - 308. What is the remainder when k is divided by 15?
12
Let c(w) = 4. Let t(r) = r + 1. Let b(u) = -c(u) + 2*t(u). Let j be b(-1). What is the remainder when 26 is divided by (42/(-15))/(j/10)?
5
What is the remainder when 2/4*(-10 - -398 - -10) is divided by 50?
49
Let l = 233 - 190. Calculate the remainder when l is divided by 17.
9
Suppose -3*d - 21*f = -20*f - 156, 3*f = 2*d - 104. Suppose -10 = -5*a + 3*a. Calculate the remainder when d is divided by a.
2
Suppose -m - 1 - 6 = 2*x, 2*x = -10. Suppose c - 17 = m*i, 2*c = -0*c + 5*i + 33. What is the remainder when 93 is divided by c?
9
Suppose t + 23 = -3*f + 66, -5*t = -5*f + 105. Let u = 19 - f. Suppose -6*n + 186 = -u*n. What is the remainder when n is divided by 21?
20
Let a(p) = 3*p**2 - 2*p - 2. Let h be a(2). Let b = 0 + h. Let z = 9 + b. What is the remainder when 59 is divided by z?
14
Suppose 0 = 5*z - 42 - 93. Calculate the remainder when 44 is divided by z.
17
Let g(f) = -f - 10. Let v(i) = -i + 5. Calculate the remainder when v(0) is divided by g(-12).
1
Let q(w) = -13*w - 179. Let k be (-4 - -9)*276/10. Suppose -3*p = -3*t + k, -t - p - 92 = -3*t. Calculate the remainder when t is divided by q(-15).
14
Let k = -11 + 6. Let s(w) = 234*w + 236*w - 475*w. Calculate the remainder when 72 is divided by s(k).
22
Suppose 2*p + 102 - 242 = 0. What is the remainder when (2*1/(-1))/((-4)/p) is divided by 9?
8
Suppose 89 = 3*j - 100. Suppose 0*u = 3*u - j. What is the remainder when 103 is divided by u?
19
What is the remainder when 134 is divided by (-33)/(-2)*400/150?
2
Let r(v) = 36*v - 7. Let a be r(7). Suppose 0 = 3*i + 4*u - 161, 2*i - a = -3*i - 2*u. Let x = i - 18. Calculate the remainder when x is divided by 16.
13
Let a = 423 + -418. What is the remainder when 783 is divided by a?
3
Let f = -268 + 392. Calculate the remainder when f is divided by 14.
12
Let o(t) = -5*t - 22. Suppose -3*r + 0 = -9. Suppose -x - r = -13. What is the remainder when x is divided by o(-5)?
1
Let k be 6*(46/6 + -3). Let c = -12 + k. Suppose -5*a = 2*n - 69, -3*a = -n - 2*n + 156. Calculate the remainder when n is divided by c.
15
Suppose -c + 27 = -11. Suppose -p + 94 = -5*d, -2*p - 3*d + 150 = -c. What is the remainder when p is divided by 32?
30
Suppose -2*y + 576 = -12. Calculate the remainder when 94 is divided by (-4)/(-12) - 3/((-27)/y).
28
What is the remainder when 536 is divided by 181/2 - (9 - -8)/34?
86
Let q(x) = -3*x**2 + 10*x - 8. Let k be q(4). Let z = 63 - 15. Let v = z + k. Calculate the remainder when v is divided by 17.
15
Let j(x) = x**2 + 9*x - 20. Let z be j(-11). Suppose z*y - 2*g + 2 = 0, -y - 4*g + 4 = -15. Calculate the remainder when 52 is divided by y.
1
Suppose -3*o - 12*t = -8*t - 38, -o - t + 12 = 0. Let r = 1 - -1. Suppose a - r*f - 12 = 3, 0 = a - 3*f - 13. Calculate the remainder when a is divided by o.
9
Let l(v) = 13*v**2 - 3*v - 1. What is the remainder when 44 is divided by l(-1)?
14
Let r be (6/2 - -3)/(9/6). What is the remainder when 49 is divided by (1 + -5)/(r - 5)?
1
Suppose -m - 4*i + 27 = 0, 19*m = 21*m - i - 45. Let g(a) = -9*a + 21. Calculate the remainder when g(-10) is divided by m.
19
Suppose -5*c + 3*c = 5*n - 129, -n = 4*c - 303. Calculate the remainder when c is divided by (-7)/2*8/7*-5.
17
Suppose -3*a = -14 + 2. Let u be a/(-1) + 1 - -3. Let c(d) = -d**2 + d + 11. Calculate the remainder when 20 is divided by c(u).
9
Suppose 5*g = -4*w + 125 + 46, -5*g = -4*w - 139. Let j = 98 - 86. Calculate the remainder when g is divided by j.
7
Let c = -5 - -8. Let v = 10 + c. Let z = -6 + 55. Calculate the remainder when z is divided by v.
10
Let c(t) = t**3 + t**2 - 8*t - 8. Let z be c(-4). Calculate the remainder when z/1*26/(-8) is divided by 27.
24
Suppose -m = -0 - 11. What is the remainder when -14*(100/(-14) + (-14)/(-49)) is divided by m?
8
Let t be 5*-6*(-2)/10. Suppose -4*l = 2*f - 62, 0*f - f + 3*l + t = 0. Calculate the remainder when f is divided by (6 - (3 - 1)) + 2.
3
Let a be (-2 - -5 - 11)/1. Let t be -3 + 2 - a - 4. Suppose -4*i + 47 = -t*p, i + 20 = 3*i + 2*p. What is the remainder when 41 is divided by i?
8
Suppose -i + 300 = 288. Calculate the remainder when (71/2 - 3) + 2/(-4) is divided by i.
8
Let n = 100 + -86. Suppose -10*k + n*k - 224 = 2*v, 4*k = -v + 236. Calculate the remainder when k is divided by 15.
13
Let q = -11 - -18. Suppose -5*x + c + 93 = -205, -5*c + 250 = 4*x. Let h = x + -33. Calculate the remainder when h is divided by q.
6
Let h(f) = -f + 11. Suppose 0 = -3*y + 2 + 109. Calculate the remainder when y is divided by h(-10).
16
Let d(p) = p**2 + p - 30. Let f be d(5). Suppose t + 5 - 3 = 5*j, f = -5*t - j + 16. What is the remainder when 3 is divided by t?
0
Suppose f + x - 89 = -f, 0 = -f - x + 42. What is the remainder when f is divided by 10?
7
Suppose 0 = -3*z + z - 3*q + 25, -5*z = -3*q - 31. Suppose -4*j = -2*v + 2, 0*v = -2*v + 5*j. What is the remainder when z is divided by v?
3
Suppose -6*l + 2*l + 116 = 0. Suppose -230 = -4*r + 230. Calculate the remainder when r is divided by l.
28
Suppose -f = -t - t + 61, -f - 3*t - 66 = 0. Let m = f - -67. Calculate the remainder when 31 is divided by m.
3
Suppose 2*d - 81 = 3*j, -2*d + 205 = 3*d - 5*j. What is the remainder when 90 is divided by 2/(1 + d/(-46))?
21
Suppose -k - 4*x + 19 = 0, 5*k - x - 92 = 108. Suppose -2*p - 59 + 75 = 0. Calculate the remainder when k is divided by p.
7
Suppose 10*k - 39 = 21. Calculate the remainder when 6/(-8) - (-166)/8 is divided by k.
2
Let t(w) = w**2 + 12*w + 2. Let d be t(-8). Let c = d + 32. Suppose -9*o + 392 = -c*o. Calculate the remainder when o is divided by 29.
27
Calculate the remainder when 4/26 - 1875/(-65) is divided by (-1566)/(-99) - (-2)/11.
13
Let z = -57 - -90. Calculate the remainder when z is divided by (54/21)/(6/56) - 6.
15
Let k(f) = -7*f - 3. Let q be k(-5). Suppose 15*r - 3*r - 480 = 0. Let n = r - q. Calculate the remainder when n is divided by 2.
0
Let b be (-1 - -261) + (1 - 1). Let d = 364 - b. What is the remainder when d is divided by 27?
23
Let q = -677 - -707. Calculate the remainder when 359 is divided by q.
29
Suppose 2*l + 9 = 121. Let q = 47 + l. What is the remainder when q is divided by 26?
25
Let i(y) = 13*y**3 - 2*y + 1. Let a be i(1). Let m = 1 + a. Let b = m + 0. Calculate the remainder when 50 is divided by b.
11
Let o = -62 - -106. Let x(z) = -z**3 + 47*z - 10. Let f be x(-7). Suppose -67 = -5*q - 2*j, f*q + 5*j = 62 - 22. Calculate the remainder when o is divided by q.
14
Let o = 95 - 34. Let t = o + -49. What is the remainder when 34 is divided by t?
10
Let r be (-24)/6 - (-1 + -12). Suppose -3*t = -4*x - 19 - 12, x + r = t. Calculate the remainder when 16 is divided by t.
1
Suppose -3*m = 2*y - 312, -15*m = -14*m - y - 99. Calculate the remainder when 611 is divided by m.
101
Let g(u) = u**2 + 7*u + 3. Suppose 5*p + 24 = -2*k, 0 = -p - 3*k - 3 - 7. What is the remainder when 1 + p + 3 - -3 is divided by g(-7)?
0
Let x = -29 - -36. Suppose 0 = 3*a - 8 - x. What is the remainder when 14 is divided by a?
4
Suppose 0 = 4*p + x - 799, 4*x + 983 = 62*p - 57*p. Calculate the remainder when p is divided by 58.
25
Suppose l - 212 + 82 = 0. Suppose 5*i - 126 = 4*y, y + 26 = -92*i + 93*i. Calculate the remainder when l is divided by i.
20
Suppose 4*d - 24 = -3*q, -2*q - 30 = -4*d - d. Calculate the remainder when 7 is divided by d.
1
Suppose t + 16 = 5*t + 2*o, -4*t - 3*o + 14 = 0. Suppose 4*x = -m + x + 82, t*m = 3*x + 392. Calculate the remainder when m is divided by 16.
15
Suppose 240 = -0*o + 15*o. Calculate the remainder when o is divided by 72/(-4)*2/(-4).
7
Let f be (1 - 2)/(3/(-6)). Suppose -5*b - l + 23 = f*l, -l - 11 = -3*b. What is the remainder when 189/b - (-1)/(-4) is divided by 16?
15
Suppose 3*o - 27 = -117. What is the remainder when 9/(-3 - o/9) is divided by 14?
13
Calculate the remainder when 389 is divided by ((-35)/(-14))/((-174)/36 + 5).
14
Let q = 248 - 174. Cal